{"id":20,"date":"2016-04-06T16:53:09","date_gmt":"2016-04-06T16:53:09","guid":{"rendered":"http:\/\/mcfischer.de\/wp\/?page_id=20"},"modified":"2016-04-07T17:31:27","modified_gmt":"2016-04-07T15:31:27","slug":"internet","status":"publish","type":"page","link":"https:\/\/www.mcfischer.de\/?page_id=20","title":{"rendered":"Internet &#038; VoIP"},"content":{"rendered":"<ul>\n<li>Brauchen sie Hilfe bei der Konfiguration von Smartphone und co. ?<\/li>\n<li>Suchen sie jemanden, der sich mit Webdesign auskennt?<\/li>\n<li>Was sind zur zeit die besten Internettarife?<\/li>\n<\/ul>\n<p><strong>Schreiben sie mir! Ich helfe Ihnen gerne weiter!<\/strong><br \/>\n<strong>\u00fcbrigens: schon gewusst?<\/strong> auch unter 10 Euro mobil Surfen m\u00f6glich!<\/p>\n<p>Die klassische Telefonie stirbt! Die Telekom versucht bis 2018 alle Anschl\u00fcsse auf VoIP umzustellen. R\u00fcsten Sie sich rechtzeitig!<\/p>\n","protected":false},"excerpt":{"rendered":"<p>Brauchen sie Hilfe bei der Konfiguration von Smartphone und co. ? Suchen sie jemanden, der sich mit Webdesign auskennt? Was sind zur zeit die besten Internettarife? Schreiben sie mir! Ich helfe Ihnen gerne weiter! \u00fcbrigens: schon gewusst? auch unter 10 Euro mobil Surfen m\u00f6glich! Die klassische Telefonie stirbt! Die Telekom versucht bis 2018 alle Anschl\u00fcsse [&hellip;]<\/p>\n","protected":false},"author":1,"featured_media":0,"parent":0,"menu_order":0,"comment_status":"closed","ping_status":"closed","template":"template-pagewithsidebar.php","meta":{"footnotes":""},"class_list":["post-20","page","type-page","status-publish","hentry"],"_links":{"self":[{"href":"https:\/\/www.mcfischer.de\/index.php?rest_route=\/wp\/v2\/pages\/20","targetHints":{"allow":["GET"]}}],"collection":[{"href":"https:\/\/www.mcfischer.de\/index.php?rest_route=\/wp\/v2\/pages"}],"about":[{"href":"https:\/\/www.mcfischer.de\/index.php?rest_route=\/wp\/v2\/types\/page"}],"author":[{"embeddable":true,"href":"https:\/\/www.mcfischer.de\/index.php?rest_route=\/wp\/v2\/users\/1"}],"replies":[{"embeddable":true,"href":"https:\/\/www.mcfischer.de\/index.php?rest_route=%2Fwp%2Fv2%2Fcomments&post=20"}],"version-history":[{"count":5,"href":"https:\/\/www.mcfischer.de\/index.php?rest_route=\/wp\/v2\/pages\/20\/revisions"}],"predecessor-version":[{"id":54,"href":"https:\/\/www.mcfischer.de\/index.php?rest_route=\/wp\/v2\/pages\/20\/revisions\/54"}],"wp:attachment":[{"href":"https:\/\/www.mcfischer.de\/index.php?rest_route=%2Fwp%2Fv2%2Fmedia&parent=20"}],"curies":[{"name":"wp","href":"https:\/\/api.w.org\/{rel}","templated":true}]}}